 value of 111 - 10 - (-50 - -90)?
61
What is -1 + 6 - (-59 + 16 + 35)?
13
Evaluate (-21 - 19) + (-39 + 9 - -9) + 3.
-58
What is -1 + 153 - (622 - 541)?
71
What is the value of 5 + 10 - ((152 - 143) + 2 + 15)?
-11
What is the value of (42 + -14 - 17) + -20 - -31?
22
Evaluate (91 - -1 - -1 - ((-72 - -97) + -41)) + -4.
105
Calculate -89 - -122 - (32 - (7 + -7)).
1
What is -2 - (-17 - 46 - -94)?
-33
What is -42 + 8 + 5 + 59?
30
Calculate 18 + (-27 + -3 - (-44 - 22)).
54
What is 11 - -19 - 10 - (1 + -60)?
79
What is 29 + (-15 - 20 - -51) - 122?
-77
What is -96 + 54 + 1 + -1 + 30?
-12
Evaluate 13 + (-96 - -48 - -54).
19
What is the value of (73 - 99) + (-4 - 6) + 12?
-24
Calculate -10 + 17 + 263 + -156.
114
Calculate -9 + 21 - (-1 - -12) - -56.
57
What is -5 + -1 + -1 - (-356 + 328 - -66)?
-45
Calculate -9 - 174 - -116 - -15.
-52
-4 + (2 - -13 - 19 - -120) + -5 + 0
107
What is -44 - (24 + -67 - -39)?
-40
273 + -343 + -11 - (14 - 1)
-94
What is 1 + 69 + (-187 - (-10 - 194))?
87
Evaluate -43 - -103 - 44 - 46.
-30
What is the value of -13 + 0 + (72 - 3) + (15 + 0 - -1)?
72
Evaluate -4 + (0 + 88 - 49).
35
(1 - 2) + (19 + -48 - (-1 + -22))
-7
Evaluate -1 + 6 + -10 + 32 - (96 + -91).
22
What is (19 - (-2 - -4)) + -128 + 45?
-66
What is the value of 3 - (-10 - (16 - 7)) - (0 + -44)?
66
Evaluate (13 + (-5 - 1) - (6 + 0)) + 8 + -17.
-8
Evaluate 4 + -16 + (6 - -10 - (10 - -9)).
-15
(-2 - -3 - -48) + (17 - (11 - (-1 + -4)))
50
22 + -198 + 218 + (-9 - -7)
40
Calculate 23 + 0 + (-25 - (-22 - -9)).
11
Calculate (-77 - (-1 + 4)) + (25 - (14 - 8)).
-61
What is the value of 27 + 40 + 2 + -11 - 13?
45
Evaluate 28 + 2 + 20 + -59 - (5 + 125).
-139
Calculate -43 + (52 + 1 - (-152 + 192)).
-30
Evaluate 20 + 0 + 187 + -197.
10
(7 - -5) + -4 + (-3 - (27 + 0)) + 4
-18
What is (132 - -2) + -4 + (-21 - (13 + -16) - -31)?
143
-61 + (3 - 2) - (-107 - (-151 - -66))
-38
What is -50 - ((11 - (8 + -7)) + -17) - (2 - 2)?
-43
Evaluate 29 - (-43 - -70) - -5.
7
30 + (6 - -31) - (-49 - -10)
106
(34 + 2 - (229 + -31)) + 37
-125
Calculate (133 - (3 + 16)) + -23 - (4 + 16).
71
What is -14 - (-11 - 33) - 59?
-29
(-3 - -7) + 17 + (10 - 27) + 18
22
Calculate -11 - -20 - (35 + 1 + -27).
0
What is -40 - (-3 - (25 + -5 + -7 - 20))?
-44
Evaluate -20 + (35 + (-12 - 12) - 19).
-28
Calculate 5 + 10 - (-3 + 4) - (4 - 71).
81
What is the value of -40 + -13 + -17 - -23?
-47
What is (-59 - (-46 - 13)) + 4?
4
-13 + 1 - (-1125 - -1047)
66
Calculate (-32 - -2) + (-1 - -2) + -20 + 14 + 12.
-23
(7 - 9) + (41 - 0) - (-13 - (-8 - 0))
44
23 + -20 + 9 - 6 - -23
29
What is the value of 1 + 6 + (90 + -14 + 19 + -18 - 14)?
70
What is -13 - (1 + -1 + -1) - (245 + -93 + -179)?
15
What is 2 + -20 + 3 - (18 + -19 + 7)?
-21
(1 + 2 - (21 - (18 + -3))) + 4
1
What is 50 + ((17 + -6 - 18) + 18 - 3)?
58
What is the value of 12 + -83 + 38 + -2?
-35
Evaluate 139 - ((-24 - -375) + -97).
-115
1 + 6 - (-306 + 379)
-66
What is (51 - (61 - 25)) + -38 + 2 - -53?
32
What is the value of -48 + (-6 - 4) + (-9 - -17)?
-50
-56 + (0 + -2 + 0 + 1 - -4)
-53
Calculate -6 + (29 - 2) - (-187 + 207).
1
What is -11 + 13 + 4 + -46 + (-7 - -7)?
-40
What is 0 + -13 + 5 + (-7 - (2 - 12) - -3)?
-2
What is the value of (533 - 511 - (1 - -32)) + 22?
11
What is 6 + -1 + 98 + -117 + -9?
-23
What is the value of 115 + -128 + -106 + 97?
-22
Calculate (224 - 241) + (-6 + 0 - -1).
-22
Calculate 23 + (15 - (0 + 22)).
16
Calculate (-834 - -789) + (53 - (-11 + 7)).
12
(-16 - 7) + (42 - 23) - -19
15
What is (19 - 37) + 22 + -5 - -70?
69
38 + (-46 - -4 - -36)
32
What is -199 + (-105 - (27 + -267))?
-64
What is the value of (15 - 8) + (-13 - (12 + -16)) + 19?
17
What is 8 + (-12 - -12 - -3) + (5 - -2) + 4?
22
What is the value of -48 - (45 - -70 - 198)?
35
-2 - -17 - (58 + -53 - 26)
36
-50 + 47 - (-1 + -7 + -9)
14
What is -7 + 13 + -7 + 15 + -15 + -43?
-44
Calculate 512 - 405 - ((1 - -2) + (-21 - -33)).
92
Evaluate -3 - -100 - (-1193 + 1232).
58
(1 - 4) + ((-6 - (-4 + 8)) + 12 - -40)
39
-10 - ((-11 - -3 - (7 + -16)) + 8) - -3
-16
9 + (12 - 1 - (-32 - -66)) - -48
34
Evaluate -32 + (-9 - -10 - -26) + (0 - -115).
110
(1 - (-2 + -4)) + 8 - (-10 - (-13 + 9))
21
What is the value of (12802 - 12789) + (-29 - 2 - (1 + 1))?
-20
What is 19 - (13 + -44 + 4 + -4)?
50
Calculate 676 + -708 - (11 + 2 + 2 + -2).
-45
(-131 - -128) + 0 + 14 + -1 - 73
-63
-279 + 111 + -17 + 75
-110
Calculate 11 - (-34 + 9 + (3 - -5)).
28
-2 + 58 - (-15 - 0 - (-12 + -65 + 72))
66
Calculate -6 + 4 - (127 - (3 + -14 + (-13 - -13))).
-140
What is the value of -1 + -83 - (1590 + -1582) - -23?
-69
9 + -27 + 9 - (5 + 0 - -47)
-61
What is 0 + -12 + -17 + (-122 + 101 - (0 - -22))?
-72
What is the value of 21 + (1 - (-39 - -41)) + -52?
-32
What is 11 + 5 + 3 + -131 + (-2 - -16)?
-98
(-6 - (1 + -3)) + (4 + -12 - -85)
73
Evaluate (97 - 109) + (0 - (143 - (-2 - -5))).
-152
What is the value of 125 + -126 + (6 + 17 - 6) + 4?
20
Evaluate (9 - (10 + -52)) + -7 + (-34 - -18).
28
What is the value of 66 + 10 + 1 + 0 + (-32 - -12)?
57
34 + ((1 - -5) + 1 - (7 + 5))
29
What is (-6 - -9) + -2 - (16 + 1) - -16?
0
What is (-6 - (-33 - -46 - (-8 - -26))) + -64?
-65
Evaluate 202 + -178 + (-1 - 34) - -37.
26
Evaluate -11 + (20 - (27 - 7) - (4 - (-3 + -2))).
-20
0 - (9 + 13 + (3 - 49))
24
Calculate 61 + (-7 + -1 + -93 + 89 - (-20 + -2)).
71
Calculate 6 - (-11 + 25) - (-1 - 3).
-4
Calculate -57 - -1 - (1196 + -1120) - (-23 + 0).
-109
Evaluate (-4 - (1 - 2 - -5)) + -12 + 3.
-17
What is (32 - 5) + -4 + -12 - -20?
31
Evaluate (1 - -38) + 29 + (-3 - 29).
36
-54 + 53 - (-1 - (-14 + (11 - 1)))
-4
-30 + -44 + 63 + -49
-60
What is the value of (30 - -2 - (-381 - -416)) + 47?
44
(4 - (-1 + 11 + -2 - 5)) + 32 + 10
43
What is the value of (-40 - (-51 - -11)) + -33 + -2 + -15 + 2?
-48
Evaluate -12 + 3 - ((-126 - -110) + 24 + 2).
-19
What is -12 + (-46 - -25) + 97 - -14?
78
What is 2013 - 2012 - (-44 + 1)?
44
What is the value of -114 + 103 + (2 - (6 - 6)) + 47?
38
Calculate 6 - (50 + -44 + (-2 - 3)) - -40.
45
What is 124 + -148 - (-11 - -57)?
-70
Evaluate 2246 + -2268 + -1 + -14 + -3.
-40
Evaluate (-10 - ((-73 - -60) + -11)) + (-52 - (2 - 1)).
-39
What is the value of 8 - -2 - -44 - ((-3 - 3 - -14) + -4)?
50
What is -156 + -161 + 326 - (1 - 0 - (1 - 62))?
-53
-24 + -13 + 36 - ((5 - 6) + -13)
13
Calculate -33 - (62 + -73 - 70).
48
What is 301 + -77 + -140 + -3 + 34?
115
What is -91 - (20 - 28) - (6 - 13) - -9?
-67
Calculate 58 - (-1 + 1) - (93 + -8 - (102 - 25)).
50
Evaluate (-22 + -2 - -22) + -9 + -1 + 48.
36
What is the value of (-15 + 21 - -7) + 20?
33
What is (4 - 5) + -35 - -16 - -24 - -45?
49
What is the value of (54 - 2 - ((4 - (-7 - -10)) + 7)) + 3?
47
Evaluate 86 + -84 + 2 + 7 + 68 + (-6 - -19).
92
What is the value of 75 + 1 + 3492 + -3488?
80
Evaluate 29 + (17 - (-2 - (-133 - 4))).
-89
(24 + -54 - -14) + -9
-25
Evaluate (0 - (2 + -73)) + (15 - (-88 + 105)).
69
Evaluate -102 + 6 - (32 - 169).
41
Evaluate -50 + 18 + -23 + 43.
-12
What is the value of 53 + -122 - -58 - (6 - (-5 + 2 + 69))?
49
What is -38 + 10 + 2 + (-3 + 3 - 2)?
-28
What is the value of -36 + 8 + (-41 - -41) + 115?
87
Evaluate -39 + (2 + -1 + (0 - -10) - (-23 - -35)).
-40
What is the value of -3 + (2 + -5 - 6) + (-2039 - -2035)?
-16
What is -20 + (-6 + 0 - (-24 + 18)) - -11?
-9
Evaluate -17 + (3 - -5) + -29 + -1.
-39
42 - 11 - (-24 - (9 - 24))
40
What is -16 - ((5 - (-10 - -12)) + -12 + -95)?
88
184 + -167 + (1 - 3 - (-16 - 3))
34
1 - (14 + -22 - -3) - (58 - 4 - -4)
-52
Calculate 103 - (35 + (45 - -4)).
19
What is (10 + -13 - 29) + (-2 - -23)?
-11
What is (97 - (-30 - -14)) + -46?
67
What is (1 + 31 - (-17 - -22)) + -18?
9
(-2 + 9 - (-14 + 3 + 23 - 29)) + 7
31
What is the value of 116 + (-7 - 107) + (28 - (0 - -1))?
29
What is the value of 52 + (30 + -6 - 26 - ((8 - -2) + -3))?
43
-41 + -5 + 8 + 19 + 12 - (-75 - 0)
68
What is the value of -20 + (-17 - (-113 - (-25 + 1)))?
52
What is 1 + 36 - (-18 - (58 + -25 - 44))?
44
What is the value of -40 - (62 + -64 + -2 + -7 + 5)?
-34
What is the value of -6 + (6 - 0 - (-82 - -98)) + 33?
17
Calculate 64 + -35 + -70 + 68 + -1 + -3 + 16.
39
(5 - (-16 + 30)) + 1 + -101
-109
Evaluate (-50 - -28) + 36 + 2 + -3 - 63.
-50
What is the value of (0 - 13) + -31 - -85?
41
Calculate (400 - 381) + 3 + -10.
12
Calculate (-3 - (21 + 5 +